5579
Calculate the highest common factor of 129108448 and 448.
224
Calculate the highest common divisor of 1916 and 14542919.
479
What is the highest common factor of 9 and 22563030?
3
Calculate the highest common divisor of 1767657136 and 8.
8
What is the greatest common divisor of 52 and 71200363?
13
What is the highest common factor of 6387437 and 140?
7
What is the highest common divisor of 83571 and 329589?
939
What is the highest common divisor of 239076 and 27938?
458
What is the greatest common divisor of 551012 and 42196?
308
What is the greatest common factor of 27520 and 191350?
430
Calculate the highest common factor of 6324 and 210562323.
1581
What is the highest common divisor of 55815 and 338367?
183
Calculate the greatest common divisor of 3906 and 1791366.
186
What is the highest common factor of 17836448 and 448?
224
Calculate the highest common factor of 13223551 and 33.
11
Calculate the greatest common factor of 24933623 and 143.
143
Calculate the greatest common divisor of 481664 and 18848.
32
What is the greatest common divisor of 10220 and 91738808?
2044
What is the greatest common divisor of 21607 and 4540105?
527
Calculate the highest common factor of 8324 and 204348.
4
Calculate the highest common divisor of 4017800 and 5400.
200
Calculate the greatest common divisor of 1915 and 5855.
5
Calculate the highest common factor of 452299 and 867471.
271
Calculate the greatest common factor of 5 and 3427874.
1
What is the greatest common divisor of 6033 and 4860587?
2011
What is the highest common factor of 29792091 and 7?
7
What is the highest common factor of 4234 and 400934?
2
Calculate the highest common factor of 222711 and 660831.
3651
Calculate the highest common factor of 316953 and 46311.
129
Calculate the highest common divisor of 24651522 and 7697.
179
Calculate the greatest common divisor of 151960364 and 382.
382
What is the greatest common divisor of 475618 and 33?
11
Calculate the greatest common divisor of 21768076 and 154132.
1364
What is the greatest common factor of 31470784 and 64?
64
Calculate the greatest common divisor of 7960 and 155.
5
What is the greatest common divisor of 10450370 and 910?
70
Calculate the highest common factor of 4541 and 9711090.
19
What is the highest common factor of 116 and 505077978?
58
Calculate the highest common factor of 8930390 and 2870.
70
What is the greatest common factor of 3082106 and 790?
158
Calculate the highest common divisor of 16360 and 380.
20
Calculate the highest common divisor of 3055 and 2050641255.
3055
What is the highest common factor of 744 and 12546568?
248
What is the greatest common divisor of 16856 and 14891072?
2408
What is the highest common factor of 77952 and 17408?
128
What is the greatest common factor of 2739695 and 105?
35
What is the highest common factor of 275621 and 326875?
523
Calculate the highest common divisor of 20 and 154413780.
20
Calculate the highest common factor of 82334122 and 13.
13
What is the highest common factor of 216477641 and 331?
331
What is the greatest common factor of 373248 and 48843?
729
Calculate the greatest common factor of 504 and 19593280.
56
What is the greatest common factor of 2182200 and 8475?
75
Calculate the highest common factor of 1472 and 14912096.
736
Calculate the highest common divisor of 1885 and 2929.
29
Calculate the highest common factor of 28 and 15995308.
28
What is the greatest common factor of 37959928 and 11051?
257
Calculate the highest common factor of 2584 and 155831350.
646
Calculate the highest common factor of 65910 and 21934510.
1690
What is the greatest common factor of 72 and 359717936?
8
What is the greatest common factor of 11007935 and 1197?
19
Calculate the greatest common factor of 7416 and 23672696.
824
What is the greatest common factor of 2438270 and 50080?
3130
Calculate the greatest common factor of 105597518 and 13780.
1378
Calculate the greatest common divisor of 296 and 185103082.
74
Calculate the greatest common factor of 141558072 and 24.
24
What is the highest common factor of 762 and 201894186?
762
Calculate the greatest common factor of 155424 and 19504.
16
Calculate the greatest common factor of 7725 and 41425.
25
Calculate the highest common divisor of 2221785 and 11349.
873
What is the greatest common factor of 67135368 and 984?
984
What is the highest common factor of 47460 and 2822740?
2260
Calculate the highest common divisor of 80 and 128937240.
40
Calculate the greatest common factor of 30093 and 13482.
21
Calculate the greatest common divisor of 9120578 and 33632.
2102
Calculate the highest common divisor of 224497406 and 447.
149
What is the greatest common divisor of 1070048691 and 4806?
2403
What is the highest common divisor of 799 and 31454233?
799
What is the greatest common divisor of 6162143 and 12597?
221
What is the greatest common divisor of 191869 and 768089?
613
Calculate the highest common divisor of 150554087 and 789.
263
What is the highest common factor of 1325682 and 13113?
423
What is the highest common factor of 14 and 5194084?
14
What is the greatest common factor of 45151031 and 85?
17
What is the greatest common factor of 5573345 and 190720?
745
What is the greatest common divisor of 14877 and 350493?
57
Calculate the greatest common factor of 4748 and 460177347.
1187
What is the greatest common factor of 18130 and 107947?
49
What is the greatest common factor of 247 and 1935225734?
247
What is the highest common factor of 7449648 and 80?
16
What is the highest common factor of 299256 and 183372?
444
What is the greatest common factor of 10935752 and 1853?
109
Calculate the greatest common divisor of 190 and 6988010.
190
Calculate the greatest common divisor of 553344 and 170720.
352
Calculate the highest common divisor of 1035 and 79549111.
23
Calculate the highest common divisor of 694152 and 144.
72
Calculate the greatest common divisor of 112004865 and 2205.
315
Calculate the highest common factor of 96355332 and 594.
54
Calculate the greatest common factor of 4674904 and 1076296.
8216
What is the highest common factor of 210 and 10434830?
70
Calculate the highest common divisor of 3005 and 11255.
5
What is the greatest common factor of 19425 and 25956980?
1295
Calculate the greatest common factor of 388940 and 340.
20
Calculate the highest common factor of 55071910 and 7116.
1186
Calculate the greatest common divisor of 7 and 318109029.
7
What is the greatest common divisor of 1014 and 4246294?
338
What is the greatest common divisor of 36 and 939556?
4
What is the greatest common factor of 3855186 and 99?
9
What is the greatest common divisor of 3 and 112693377?
3
Calculate the highest common divisor of 1977560919 and 27.
27
What is the greatest common divisor of 4526964 and 147849?
663
What is the greatest common divisor of 4875 and 334035?
195
What is the highest common divisor of 7471 and 40882999?
241
What is the highest common factor of 1974 and 1723866?
282
Calculate the highest common factor of 122 and 8431420.
122
What is the greatest common divisor of 3762108 and 17724?
84
What is the highest common divisor of 29253309 and 69?
69
What is the greatest common factor of 752 and 2161483?
47
Calculate the greatest common divisor of 8732 and 43011.
59
What is the greatest common divisor of 113672 and 16640?
104
What is the greatest common factor of 670592 and 6324?
124
What is the highest common factor of 600265393 and 74?
37
Calculate the greatest common factor of 253819296 and 96.
96
Calculate the greatest common factor of 408514120 and 560.
280
What is the highest common divisor of 129847004 and 70?
14
Calculate the greatest common factor of 1525 and 1499380.
305
Calculate the highest common factor of 1610794 and 2.
2
Calculate the highest common factor of 6465 and 6207.
3
Calculate the highest common divisor of 38508912 and 648.
216
What is the greatest common divisor of 88 and 1956757?
11
Calculate the highest common factor of 5 and 11258245.
5
What is the greatest common factor of 4270 and 74370590?
4270
What is the greatest common divisor of 31127232 and 1454?
1454
What is the highest common factor of 201306 and 30352?
14
Calculate the greatest common divisor of 1672 and 22373516.
44
What is the highest co